divided by 10.
9
Let n(s) = 6*s**3 + s**2 + 2*s + 1. Suppose -10 = 2*o - 7*o. What is the remainder when n(o) is divided by 15?
12
Calculate the remainder when 50 is divided by 1/2 + 210/12.
14
Let r be ((-5)/(-2))/(2/(-12)). Let t = -5 - r. Suppose 6*d - 12 = 4*d. What is the remainder when t is divided by d?
4
Let k(b) = b**3 + 4*b**2 + 8*b + 2. Calculate the remainder when k(5) is divided by 68.
63
Suppose 5*z = 4*y - 0*z + 25, 5*y + 3*z - 15 = 0. Suppose y = 5*h + 6 - 21. Suppose -17 + 80 = h*b. Calculate the remainder when b is divided by 11.
10
Suppose -5*d + 4*y + 19 = 3*y, 3*d - 10 = 2*y. What is the remainder when 6 is divided by d?
2
Suppose -5*w - g + 31 = -4*w, 0 = 2*g. Suppose 9 = -l + w. Calculate the remainder when l is divided by 12.
10
What is the remainder when 36 + -3*(-4)/12 is divided by 136/14 + 4/14?
7
Let d = -36 + 58. Suppose 3*r = 26 + d. Calculate the remainder when 45 is divided by r.
13
Let p(r) = r**2 + r - 6. Calculate the remainder when 66 is divided by p(5).
18
Suppose -2*y = -0*y. Let l = 0 + y. Suppose 2*d - 6 = -l*d. Calculate the remainder when 4 is divided by d.
1
Let i = -6 + 2. Let u(k) = -k**2 - 6*k - 6. Suppose -4*x = -16 - 8. What is the remainder when x is divided by u(i)?
0
Let k = 16 + -11. What is the remainder when 8 is divided by k?
3
Let z = 13 - 4. Suppose c = 4*o - 71, 25 = 5*o - 4*c - 72. What is the remainder when o is divided by z?
8
Suppose 0*n + 99 = -5*j - n, 4*n + 56 = -3*j. What is the remainder when 8 is divided by (-105)/j - 2/8?
3
Suppose 0*b = -3*b + 15. What is the remainder when b is divided by 4/(-6)*18/(-4)?
2
Let z(o) = 5*o - 1. Let q(w) = w**2 - 6*w + 7. Let r be q(5). Calculate the remainder when 35 is divided by z(r).
8
Let i = -1 + 6. Suppose 4*a + t - 136 = -28, -4*t = -2*a + 54. Suppose -80 = -3*n + i*f + 11, n - a = f. Calculate the remainder when n is divided by 12.
10
Let r = -8 + 7. Calculate the remainder when 1 is divided by r + 0/(-4) + 2.
0
Let k(q) = 24*q**3 - q + 1. Let i be k(1). Let n = -3 + i. Suppose 4*h = 5*y - 309, y - 2*h = -3*y + 246. Calculate the remainder when y is divided by n.
19
Suppose -2*s - 21 = -5*s. Calculate the remainder when s is divided by 2.
1
Let s = 89 + -63. Calculate the remainder when s is divided by 9.
8
Suppose w = 52 + 11. Suppose -5*s + 2 = -w. What is the remainder when 25 is divided by s?
12
Suppose 0 = 5*n - 2*f + 234, n = -3*n - 3*f - 201. Let x be 6/(-2 + 0) + n. Let d = 95 + x. What is the remainder when d is divided by 15?
14
Calculate the remainder when ((-24)/5)/(3/(-20)) is divided by 11.
10
Calculate the remainder when 52 is divided by 2/10 + 345/25.
10
Let n be (-1)/(-5) - 1/5. Let y = 0 - n. Suppose i - 8 = -y*i. Calculate the remainder when 14 is divided by i.
6
Suppose -107 = 15*p - 902. What is the remainder when p is divided by 28?
25
Suppose -3*j + 4*i + 63 = 0, 2*i - 4*i = 0. Let t = j + -13. Suppose -3*v - 4*l + 57 = 0, -l - 51 = -4*v + 2*l. Calculate the remainder when v is divided by t.
7
Suppose -3*i + 94 = 4*t, -4 = 4*i + 4. Suppose 0 = 2*g - g - t. Let j(w) = w**2 + 5*w - 7. What is the remainder when g is divided by j(-7)?
4
Suppose 188 = 5*q - 2*f, 0 = -3*q - 2*f - 0*f + 100. What is the remainder when q is divided by 16?
4
Let r(v) be the third derivative of -v**4/4 - v**3/3 + 3*v**2. What is the remainder when 18 is divided by r(-2)?
8
Calculate the remainder when 9 is divided by 5 + 4 + -2*3.
0
Let u(f) = -f**2 + 15. Let n be u(0). Let m = n - -1. What is the remainder when m is divided by 6?
4
Let b(x) = x**3 + 10*x**2 + 6*x - 22. Suppose 2*y = -y + 6. Calculate the remainder when 21/(y + 3/(-6)) is divided by b(-9).
4
Let x(n) = -n**3 - 2*n**2 + 4*n - 1. Let f be x(-3). Let o = 4 + f. Let p(h) = h**3 + h**2 + h + 37. What is the remainder when p(o) is divided by 19?
18
Let o = 6 + -5. Let q(d) = 3 - 3 - 9*d**2 + d**3 - o - 2 + d. Calculate the remainder when 10 is divided by q(9).
4
Let q be (13 - 3)*(-2)/2. Let w(j) = j**3 + 11*j**2 + 11*j + 12. Calculate the remainder when w(q) is divided by 2.
0
Suppose 6*f + 13*f = 2071. Calculate the remainder when f is divided by 38.
33
Let a(n) = -n + 5*n + 3 - n + 3. Calculate the remainder when a(10) is divided by 13.
10
Let x(n) = 4*n**2 + 5*n - 5. What is the remainder when x(2) is divided by 11?
10
Let x(z) = -3*z + 1. Let h be x(2). Let i(n) = -n**3 - 3*n**2 + 5*n + 3. Let a = -8 + 18. Calculate the remainder when i(h) is divided by a.
8
Let m be (156/(-15))/(4/(-10)). Suppose c = m + 13. Calculate the remainder when c is divided by 21.
18
Suppose 5*f = -b + 15, -2*b - 4*f = -f - 37. Let h(w) = w**2 - 5*w + 1. Let z be h(4). What is the remainder when (-175)/z + 5/(-15) is divided by b?
18
Suppose 5*h + z = 5, 0 = -2*h - 4*z + 12 - 28. What is the remainder when (12 - h) + 0 + 1 is divided by 7?
4
Let x(g) = g + 10. Let v be x(-5). Suppose 0*b + v*b - 60 = 0. Calculate the remainder when 34 is divided by b.
10
Suppose 5*p - 2*p - 46 = -5*s, -5*p + 7 = 2*s. Calculate the remainder when -1*(1 + -33) + -2 is divided by s.
8
Let n = 33 - 20. Let m = 23 - n. Calculate the remainder when 27 is divided by m.
7
Suppose -321 + 41 = -5*s + 5*k, -4*k = 5*s - 235. What is the remainder when 100 is divided by s?
49
Suppose -3*r + 25 = n - 12, -5*r + 127 = 4*n. What is the remainder when n is divided by 12?
4
Let q = -7 + 24. What is the remainder when 33 is divided by q?
16
Suppose 6 = 3*s, -2*b + 30 = -0*s + 4*s. Calculate the remainder when 52 is divided by b.
8
Let b(u) = 17*u + 1. Let i = -36 - -49. What is the remainder when b(2) is divided by i?
9
Suppose 5*h = 4*h + 52. Suppose 3*a = -5*r + 130, 5*r = -a + h + 78. Calculate the remainder when r is divided by 14.
12
What is the remainder when 11 is divided by ((-91)/(-28))/13 + 11/4?
2
Suppose -2*g = 4*i - 20, -4*i - 10 = -4*g - 2*i. Let w(l) = -l**3 + 4*l**2 + 2*l + 4. What is the remainder when w(g) is divided by 2 + -3 - -2*4?
5
Suppose -b - 3*b = -3*z - 21, 0 = 5*z + 15. Suppose -s - 4*p = -14, 0 = -5*s + 2*s + 3*p - b. Calculate the remainder when s is divided by 1.
0
Suppose d = -5*u + 36, 3*d + 3*u = -2*u + 78. Let w = -15 + 26. What is the remainder when d is divided by w?
10
Let p(f) = f**2 + f + 6. Let q be p(0). Let w(m) = 5*m - 4. Suppose 9*j - 50 = 31. Calculate the remainder when w(q) is divided by j.
8
Suppose 3 - 47 = -4*g. Suppose 4*t - 96 = t. What is the remainder when t is divided by g?
10
Let x be ((-69)/2)/((-2)/4). Suppose s + 2*s + 138 = 0. Let b = x + s. Calculate the remainder when 45 is divided by b.
22
Suppose 4*m + 20 + 28 = 4*a, a + 4*m = 27. What is the remainder when a is divided by 6?
3
Let k(s) = -s**3 + 5*s**2 - 4. Let o = 6 - 13. Calculate the remainder when -6*o/((-28)/(-30)) is divided by k(4).
9
Let m be (2/4)/(2/92). Let r = 32 - m. What is the remainder when 16 is divided by r?
7
Let l(o) = o**3 - 2*o**2 + o + 1. Let v be l(2). Suppose 5*q = 2*a - v*a + 31, 3*q = 4*a + 37. Calculate the remainder when 12 is divided by q.
5
Let m = 17 + -10. Let u(v) = -v**3 + 8*v**2 - 5*v + 1. Let c be u(m). What is the remainder when (-4)/10 - (-336)/c is divided by 8?
6
Let t = 3 - 3. What is the remainder when (1 - t) + 1 + 16 is divided by 7?
4
Let n(o) = 10*o - 5. What is the remainder when n(3) is divided by 13?
12
Let w(l) = -3*l**2 - 21*l - 17. Calculate the remainder when (3*3)/((-1)/(-6)) is divided by w(-4).
16
Let b be -1 - -4 - (37 + 1). Let a = b - -50. What is the remainder when a is divided by 8?
7
Suppose -5*k - 28 - 200 = -4*m, -k - 212 = -4*m. What is the remainder when m is divided by 27?
25
Suppose 0 = 12*l - 277 - 359. What is the remainder when l is divided by 28?
25
Let b be 70/20*(3 - 1). Let w = 13 - b. What is the remainder when w is divided by 3?
0
Let c = -4 - -6. Suppose 3*v - 7 = -s, -c*v = -3*s - 3*v + 29. What is the remainder when 28 is divided by s?
8
Suppose -t = -2*p + 29, -2*t + 46 = 3*p + p. Let i(a) = a**2 - 13*a + 3. Suppose 0 = -z + 5. Calculate the remainder when z is divided by i(p).
2
Suppose y + 0*y - 14 = -4*d, 4*y - 2*d = -16. Let k be -38 + -3 + (-10)/y. Calculate the remainder when (-1 + k - -3)/(-2) is divided by 9.
8
What is the remainder when (2646/24 - 6) + 3/4 is divided by 12?
9
Let p(q) = q**3 + 10*q**2 + 4*q - 7. What is 